{"id":8236,"date":"2023-03-23T13:55:40","date_gmt":"2023-03-23T13:55:40","guid":{"rendered":"https:\/\/www.mlakdeniz.com\/shop\/?post_type=product&#038;p=8236"},"modified":"2026-02-13T10:10:28","modified_gmt":"2026-02-13T10:10:28","slug":"zebra-zd621r-rfid-yazici","status":"publish","type":"product","link":"https:\/\/www.mlakdeniz.com\/shop\/urun\/zebra-zd621r-rfid-yazici\/","title":{"rendered":"Zebra ZD621R RFID Yaz\u0131c\u0131"},"content":{"rendered":"<p>STANDART \u00d6ZELL\u0130KLER<\/p>\n<p>Bask\u0131 y\u00f6ntemleri: Termal Transfer<br \/>\n\u2022 ZPL ve EPL programlama dilleri<br \/>\n\u2022 3 d\u00fc\u011fmeli kullan\u0131c\u0131 aray\u00fcz\u00fc ile 4.3 in\u00e7 tam renkli dokunmatik LCD (\u00e7\u00f6z\u00fcn\u00fcrl\u00fck: 480 geni\u015flik x 272 y\u00fckseklik)<br \/>\n\u2022 Ethernet, USB 2.0, USB Host<br \/>\n\u2022 BLE arac\u0131l\u0131\u011f\u0131yla Android iOS i\u00e7in yaz\u0131c\u0131 kurulumu mobil uygulamas\u0131<br \/>\n(Bluetooth Low Energy 5) ba\u011flant\u0131s\u0131*<br \/>\n* BLE, sadece Zebra yaz\u0131c\u0131 kurulumu mobil uygulamas\u0131yla kullan\u0131lmak \u00fczere tasarlanm\u0131\u015ft\u0131r<br \/>\n\u2022 Ger\u00e7ek Zamanl\u0131 Saat (RTC)<br \/>\n\u2022 M\u00fckemmel bask\u0131 kalitesi i\u00e7in medya oynak kolu<br \/>\n\u2022 Kolay medya y\u00fcklemesi i\u00e7in OpenACCESS\u2122<br \/>\n\u2022 \u00c7ift duvarl\u0131 \u00e7er\u00e7eve konstr\u00fcksiyonu<br \/>\n\u2022 ENERGY STAR\u00ae onayl\u0131<br \/>\n\u2022 Zebra Care Dahil 3 Y\u0131l Garanti<\/p>\n","protected":false},"excerpt":{"rendered":"<p><strong>ZEBRA ZD621R RFID YAZICI<\/strong><\/p>\n<p>Her g\u00fcn kusursuz \u00e7al\u0131\u015facak \u015fekilde tasarlanm\u0131\u015f kompakt, birinci s\u0131n\u0131f bir RFID yaz\u0131c\u0131\/kodlay\u0131c\u0131ya ihtiyac\u0131n\u0131z var. Zebra&#8217;n\u0131n 4 in\u00e7lik ZD621R masa\u00fcst\u00fc RAIN\/RFID yaz\u0131c\u0131\/kodlay\u0131c\u0131s\u0131na g\u00fcvenin.<br \/>\nHepsine sahip olun: s\u00fcrekli geli\u015fen yaz\u0131c\u0131 yeteneklerimizi ve yaz\u0131l\u0131m\u0131m\u0131z\u0131 g\u00fc\u00e7lendiren yenilik\u00e7i mimari. Hassas verilerinizi korumak ve sizi siber sald\u0131r\u0131lara kar\u015f\u0131 korumak i\u00e7in e\u015fsiz g\u00fcvenlik. Kullan\u0131m\u0131 kolay men\u00fcye sahip, tam renkli geni\u015f 4.3 in\u00e7 LCD dokunmatik ekran. Geli\u015fmi\u015f \u00f6zellikler, ileti\u015fim ve sahada kurulabilir medya i\u015fleme se\u00e7enekleri ve art\u0131r\u0131lm\u0131\u015f uzaktan y\u00f6netim yetenekleri. Bunlar birlikte, ilerlemenizi sa\u011flamak i\u00e7in benzersiz zeka ve g\u00fcvenlikle birlikte size ola\u011fan\u00fcst\u00fc bask\u0131 performans\u0131 ve end\u00fcstri lideri g\u00fcvenilirlik sunar.<\/p>\n<p>&nbsp;<\/p>\n","protected":false},"featured_media":8237,"comment_status":"open","ping_status":"closed","template":"","meta":[],"product_cat":[69],"product_tag":[],"class_list":{"0":"post-8236","1":"product","2":"type-product","3":"status-publish","4":"has-post-thumbnail","6":"product_cat-rfid-sistem-cozumleri","8":"first","9":"outofstock","10":"shipping-taxable","11":"purchasable","12":"product-type-simple"},"_links":{"self":[{"href":"https:\/\/www.mlakdeniz.com\/shop\/wp-json\/wp\/v2\/product\/8236","targetHints":{"allow":["GET"]}}],"collection":[{"href":"https:\/\/www.mlakdeniz.com\/shop\/wp-json\/wp\/v2\/product"}],"about":[{"href":"https:\/\/www.mlakdeniz.com\/shop\/wp-json\/wp\/v2\/types\/product"}],"replies":[{"embeddable":true,"href":"https:\/\/www.mlakdeniz.com\/shop\/wp-json\/wp\/v2\/comments?post=8236"}],"wp:featuredmedia":[{"embeddable":true,"href":"https:\/\/www.mlakdeniz.com\/shop\/wp-json\/wp\/v2\/media\/8237"}],"wp:attachment":[{"href":"https:\/\/www.mlakdeniz.com\/shop\/wp-json\/wp\/v2\/media?parent=8236"}],"wp:term":[{"taxonomy":"product_cat","embeddable":true,"href":"https:\/\/www.mlakdeniz.com\/shop\/wp-json\/wp\/v2\/product_cat?post=8236"},{"taxonomy":"product_tag","embeddable":true,"href":"https:\/\/www.mlakdeniz.com\/shop\/wp-json\/wp\/v2\/product_tag?post=8236"}],"curies":[{"name":"wp","href":"https:\/\/api.w.org\/{rel}","templated":true}]}}